{"id":8,"date":"2021-06-03T20:47:49","date_gmt":"2021-06-03T20:47:49","guid":{"rendered":"https:\/\/www.knihovnaprosec.cz\/?page_id=8"},"modified":"2021-06-03T21:55:58","modified_gmt":"2021-06-03T21:55:58","slug":"domu","status":"publish","type":"page","link":"https:\/\/www.knihovnaprosec.cz\/index.php\/domu\/","title":{"rendered":"Dom\u016f"},"content":{"rendered":"\n<p>\u201eNemilovat knihy znamen\u00e1 nemilovat moudrost. Nemilovat moudrost v\u0161ak znamen\u00e1 st\u00e1t se hlup\u00e1kem.\u201c \u2014\u00a0 Jan Amos Komensk\u00fd<\/p>\n","protected":false},"excerpt":{"rendered":"<p>\u201eNemilovat knihy znamen\u00e1 nemilovat moudrost. Nemilovat moudrost v\u0161ak znamen\u00e1 st\u00e1t se hlup\u00e1kem.\u201c \u2014\u00a0 Jan Amos Komensk\u00fd<\/p>\n","protected":false},"author":1,"featured_media":0,"parent":0,"menu_order":0,"comment_status":"closed","ping_status":"closed","template":"","meta":{"footnotes":""},"class_list":["post-8","page","type-page","status-publish","hentry"],"_links":{"self":[{"href":"https:\/\/www.knihovnaprosec.cz\/index.php\/wp-json\/wp\/v2\/pages\/8","targetHints":{"allow":["GET"]}}],"collection":[{"href":"https:\/\/www.knihovnaprosec.cz\/index.php\/wp-json\/wp\/v2\/pages"}],"about":[{"href":"https:\/\/www.knihovnaprosec.cz\/index.php\/wp-json\/wp\/v2\/types\/page"}],"author":[{"embeddable":true,"href":"https:\/\/www.knihovnaprosec.cz\/index.php\/wp-json\/wp\/v2\/users\/1"}],"replies":[{"embeddable":true,"href":"https:\/\/www.knihovnaprosec.cz\/index.php\/wp-json\/wp\/v2\/comments?post=8"}],"version-history":[{"count":2,"href":"https:\/\/www.knihovnaprosec.cz\/index.php\/wp-json\/wp\/v2\/pages\/8\/revisions"}],"predecessor-version":[{"id":63,"href":"https:\/\/www.knihovnaprosec.cz\/index.php\/wp-json\/wp\/v2\/pages\/8\/revisions\/63"}],"wp:attachment":[{"href":"https:\/\/www.knihovnaprosec.cz\/index.php\/wp-json\/wp\/v2\/media?parent=8"}],"curies":[{"name":"wp","href":"https:\/\/api.w.org\/{rel}","templated":true}]}}